5*r - 1036. Determine n(-7).
119
Let z(g) = 12*g + 542. What is z(-24)?
254
Let w(z) = z**2 - 41*z - 13. Determine w(30).
-343
Let t(x) = 3*x**3 + 14*x**2 - 6*x + 4. What is t(-5)?
9
Let d(n) = n**3 + 6*n**2 - 10. Give d(-6).
-10
Let j(l) = -2*l**2 - 175*l + 528. Calculate j(3).
-15
Let k(x) = -x**2 + 119*x - 386. Calculate k(114).
184
Let t(y) = -y**3 - 8*y**2 + 4*y + 64. Calculate t(-7).
-13
Let r(i) = -10*i - 293. Give r(-18).
-113
Let n(x) = 73*x - 1172. Calculate n(19).
215
Let r(n) = -n**2 - 23*n - 135. Calculate r(-12).
-3
Let f(i) = -i**2 + 28*i - 82. Calculate f(14).
114
Let o(m) = 10*m**3 + 3*m**2 - 12*m - 19. What is o(-2)?
-63
Let r(q) = -132*q + 232. Give r(1).
100
Let y(a) = 3*a**2 - 22*a + 97. What is y(8)?
113
Let p(z) = 298*z - 24395. Calculate p(82).
41
Let z(k) = k**3 + 7*k**2 - 228*k - 1404. Give z(-6).
0
Let l(k) = 103*k + 1875. What is l(-16)?
227
Let d(n) = -n**3 + 33*n**2 + 72*n - 84. Determine d(35).
-14
Let n(s) = -s**2 + 32*s - 204. Calculate n(23).
3
Let f(l) = -2*l**3 + l**2 + 137*l - 389. Calculate f(3).
-23
Let d(s) = 97*s - 1086. What is d(11)?
-19
Let s(r) = -58*r + 12. Calculate s(1).
-46
Let w(s) = 19*s + 1251. Give w(-71).
-98
Let z(b) = -32*b**2 - 228*b + 6. Calculate z(-7).
34
Let n(c) = -c**2 + 469*c + 13931. Calculate n(-28).
15
Let g(h) = -885*h + 7903. Calculate g(9).
-62
Let l(c) = -5*c**2 - 77*c + 770. What is l(9)?
-328
Let l(t) = -976*t - 10731. Calculate l(-11).
5
Let k(g) = -g**3 + 49*g**2 - 571*g + 32. What is k(19)?
13
Let s(f) = -2*f**2 - 211*f + 1335. Calculate s(6).
-3
Let w(a) = -35*a**3 - 3*a**2 + a. Give w(-2).
266
Let p(b) = -b**3 + 3*b**2 - 35*b - 114. Calculate p(-3).
45
Let t(n) = -n**2 + 1276*n - 26348. Give t(21).
7
Let k(m) = 1946*m + 40831. Determine k(-21).
-35
Let a(n) = -30*n - 92. What is a(2)?
-152
Let a(h) = h**2 - 140*h + 2191. What is a(18)?
-5
Let u(t) = -60*t + 778. Determine u(13).
-2
Let v(b) = 47*b**2 - 4*b - 5. Determine v(-1).
46
Let j(f) = 2*f**2 - 57*f + 263. What is j(5)?
28
Let c(b) = -b**3 - 12*b**2 + 7*b + 99. Give c(-11).
-99
Let r(i) = -427*i - 2567. What is r(-6)?
-5
Let y(j) = 69*j - 969. Give y(14).
-3
Let l(h) = 3511*h + 3514. Calculate l(-1).
3
Let b(w) = 15*w + 54. What is b(-10)?
-96
Let v(k) = 142*k - 6960. What is v(49)?
-2
Let j(n) = 5*n**2 - 103*n + 474. What is j(14)?
12
Let v(s) = 3*s - 50. Determine v(17).
1
Let i(x) = 2*x**3 + 17*x**2 + 16*x - 22. Give i(-7).
13
Let z(f) = 83*f**3 - 3*f**2 + 4*f + 7. What is z(-1)?
-83
Let b(z) = 4*z**2 - 9*z - 2. Calculate b(-4).
98
Let h(o) = o**2 - 19*o + 3. What is h(30)?
333
Let u(d) = -71*d - 2772. What is u(-39)?
-3
Let y(w) = -w**3 - 32*w**2 + 82*w + 77. Give y(-34).
-399
Let z(i) = i**2 + 171*i - 5350. Determine z(27).
-4
Let v(l) = l**2 - 11*l - 1224. Calculate v(40).
-64
Let v(n) = -2*n**2 + 159*n + 1368. Give v(-8).
-32
Let c(d) = -4*d**2 + 13*d + 297. Give c(16).
-519
Let x(b) = 176*b + 273. Calculate x(-3).
-255
Let r(z) = 4*z**2 - 107*z - 31. Determine r(21).
-514
Let h(j) = -32*j + 662. Give h(20).
22
Let x(l) = 6*l**2 - 49*l - 58. Determine x(11).
129
Let m(o) = 50*o - 567. Give m(14).
133
Let u(d) = 6*d**2 - 61*d + 23. What is u(13)?
244
Let b(p) = 2*p**3 - 584*p**2 - 591*p - 7. Calculate b(-1).
-2
Let p(a) = 2*a**3 - 46*a**2 - 220*a + 75. What is p(27)?
-33
Let o(z) = -7*z - 394. Give o(-53).
-23
Let r(w) = w**3 - 37*w**2 + 118. Determine r(37).
118
Let z(q) = -q**3 - 12*q**2 - 11*q - 18. Determine z(-7).
-186
Let y(p) = -388*p - 4658. Calculate y(-12).
-2
Let w(r) = 5*r**2 - 157*r + 216. Determine w(30).
6
Let c(s) = s**2 - 43*s + 80. Calculate c(42).
38
Let b(t) = 194*t - 778. What is b(4)?
-2
Let w(p) = -74*p - 4460. Determine w(-61).
54
Let v(p) = p**3 - 17*p**2 - 849*p + 14951. Give v(18).
-7
Let q(k) = k**3 + 60*k**2 + 51*k + 6832. Determine q(-61).
0
Let q(f) = 52*f + 2034. What is q(-39)?
6
Let p(w) = 13*w + 253. Calculate p(-20).
-7
Let f(q) = -q**3 - 27*q**2 - 154*q - 110. Determine f(-10).
-270
Let n(d) = -d**2 - 22*d - 323. Give n(-10).
-203
Let w(a) = 6*a**2 + 43*a + 51. What is w(-7)?
44
Let b(l) = 2*l**3 + 39*l**2 - 18*l + 5. What is b(-20)?
-35
Let f(g) = -13*g**2 + 166*g - 116. What is f(12)?
4
Let z(x) = -x**3 - 11*x**2 + 33*x + 240. Determine z(-12).
-12
Let x(s) = -3*s**2 - 90*s - 633. Calculate x(-11).
-6
Let c(w) = -2*w**2 + 381*w - 14490. Give c(138).
0
Let d(t) = -6*t - 90. Determine d(-19).
24
Let b(r) = -r**2 + 97*r + 5847. Calculate b(-42).
9
Let w(t) = 3*t**2 + 20*t + 38. What is w(-3)?
5
Let p(l) = 8*l + 151. What is p(-19)?
-1
Let l(n) = -81*n**2 - 55*n - 154. Determine l(-3).
-718
Let n(b) = 2*b**2 + 1679*b - 29117. Give n(17).
4
Let b(j) = j**3 + 10*j**2 + 83*j + 189. What is b(-3)?
3
Let i(m) = -m**2 + 50*m + 47. Give i(-1).
-4
Let p(a) = -2906*a - 40693. What is p(-14)?
-9
Let s(b) = 10*b**3 - 96*b**2 - 40*b + 6. Calculate s(10).
6
Let x(j) = j**3 - 11*j**2 + 8*j + 133. Give x(8).
5
Let s(p) = -p**3 - 31*p**2 - 92*p + 34. What is s(-4)?
-30
Let y(h) = h**3 - 6*h**2 + 13*h - 25. Calculate y(3).
-13
Let c(k) = 137*k - 61. What is c(3)?
350
Let l(f) = -2*f**2 - 127*f + 756. Give l(6).
-78
Let i(q) = q**3 + 74*q**2 + 77*q + 149. Give i(-73).
-143
Let o(s) = -147*s - 549. What is o(-4)?
39
Let j(r) = 2*r**2 + 39*r - 714. What is j(-31)?
-1
Let a(h) = 166*h - 834. Give a(5).
-4
Let y(p) = -2*p**3 + 25*p**2 + 9*p + 152. Give y(13).
100
Let y(m) = -m - 52. Give y(-7).
-45
Let u(n) = -2*n**3 + 132*n**2 - 1366*n - 162. Calculate u(13).
-6
Let w(q) = q**3 + 11*q**2 - 121*q - 1318. Calculate w(-11).
13
Let o(v) = 2*v**3 + 253*v**2 + 123*v - 394. What is o(-126)?
-16
Let f(a) = 625*a + 2500. What is f(-4)?
0
Let x(n) = 13*n**3 + 12*n**2 - 16*n + 5. Calculate x(1).
14
Let u(h) = 14*h**3 - 2*h**2 + 15*h + 34. Give u(-2).
-116
Let c(h) = -4*h**2 - 389*h - 2942. Calculate c(-89).
-5
Let o(f) = 38*f - 531. What is o(16)?
77
Let x(f) = -f**3 - 35*f**2 - 34*f + 144. Calculate x(-34).
144
Let j(q) = -2*q**3 - 101*q**2 + 152*q - 106. What is j(-52)?
102
Let j(y) = y**2 + 99*y + 544. What is j(-93)?
-14
Let t(g) = 9959*g + 19927. Give t(-2).
9
Let n(f) = -21*f + 719. Calculate n(35).
-16
Let s(w) = 70*w - 2456. Calculate s(35).
-6
Let d(b) = -b**3 - 9*b**2 - 15*b + 24. Calculate d(-7).
31
Let y(b) = -7*b**2 - 85*b + 70. Determine y(-15).
-230
Let h(d) = -d**3 + 22*d**2 - 49*d + 14. Give h(3).
38
Let m(z) = -z**3 - 3*z**2 + 1557*z - 45. Calculate m(38).
-83
Let o(t) = -337*t - 21940. Calculate o(-65).
-35
Let h(c) = c**2 - 102*c + 1235. Determine h(84).
-277
Let s(m) = -m**3 - m**2 + 6*m - 5. Give s(1).
-1
Let h(m) = -752*m - 34598. Determine h(-46).
-6
Let g(j) = -4*j**3 - 2*j**2 + 326*j + 325. Calculate g(-1).
1
Let b(x) = -x**3 - 17*x**2 - 64*x + 40. Determine b(-7).
-2
Let d(g) = -3*g**2 + 434*g + 8788. Calculate d(-18).
4
Let j(q) = -q**3 - 2*q**2 - 24*q + 79. What is j(0)?
79
Let k(z) = z**3 - 36*z**2 - 33*z - 141. Determine k(37).
7
Let k(f) = -3*f**2 + 18*f - 35. Calculate k(2).
-11
Let v(u) = u**2 + 152*u - 2553. Give v(15).
-48
Let i(j) = -4*j**2 - 47*j + 266. What is i(5)?
-69
Let c(k) = -2*k - 27. Give c(4).
-35
Let x(v) = -v**3 + 75*v**2 - 477*v + 92. Give x(68).
24
Let m(z) = -374*z - 2440. What is m(-6)?
-196
Let r(m) = -8*m**2 - 258*m - 43. Determine r(-32).
21
Let n(w) = w**3 - 16*w**2 - 49*w + 1. Calculate n(-3).
-23
Let p(v) = v**2 + 21*v + 53. Give p(-4).
-15
Let v(z) = z**3 + 10*z**2 - 239*z + 89. Give v(11).
1
Let v(m) = -42*m**2 + 336*m - 12. Give v(8).
-12
Let r(o) = -827*o + 5790. Give r(7).
1
Let y(q) = -17*q**3 - 612*q**2 + q + 34. Determine y(-36).
-2
Let n(h) = 508*h + 5169. Determine n(-10).
89
Let c(x) = -x**3 + 34*x**2 - 63*x + 996. Give c(33).
6
Let o(q) = -13*q - 129. What is o(-2)?
-103
Let l(g) = 8*g**3 + 7*g**2 - 10*g + 22. What is l(2)?
94
Let o(r) = -6*r**3 - 32*r**2 + 14*r + 11. What is o(-5)?
-109
Let h(o) = -o**3 - 25*o**2 + 5*o - 5. Determine h(-25).
-130
Let u(v) = 31*v - 36. Give u(-3).
-129
Let r(n) = 457*n + 6037. Determine r(-13).
96
Let t(z) = 155*z - 433. Determine t(6).
497
Let o(d) = 2*d**3 + 6*d**2 + 4*d + 6. Determine o(6).
678
Let q(x) = 7*x**2 - 343*x + 338. What is q(48)?
2
Let t(j) = -300*j + 9901. What is t(33)?
1
Let c(d) = 22*d - 208. Calculate c(6).
-76
Let m(b) = -78*b**2 + 9*b + 13. What is m(-2)?
-317
Let b(g) = 